{"id":65,"date":"2021-03-05T16:11:00","date_gmt":"2021-03-05T19:11:00","guid":{"rendered":"http:\/\/emalherbi.com\/ipay-site\/?page_id=65"},"modified":"2021-07-26T17:22:10","modified_gmt":"2021-07-26T20:22:10","slug":"contato","status":"publish","type":"page","link":"https:\/\/emalherbi.com\/ipay-site\/contato\/","title":{"rendered":"Contato"},"content":{"rendered":"\t\t<div data-elementor-type=\"wp-page\" data-elementor-id=\"65\" class=\"elementor elementor-65\" data-elementor-settings=\"[]\">\n\t\t\t\t\t\t\t<div class=\"elementor-section-wrap\">\n\t\t\t\t\t\t\t<section class=\"elementor-section elementor-top-section elementor-element elementor-element-ed9a6f2 elementor-section-full_width elementor-section-height-min-height elementor-section-height-default elementor-section-items-middle\" data-id=\"ed9a6f2\" data-element_type=\"section\" data-settings=\"{&quot;background_background&quot;:&quot;classic&quot;}\">\n\t\t\t\t\t\t\t<div class=\"elementor-background-overlay\"><\/div>\n\t\t\t\t\t\t\t<div class=\"elementor-container elementor-column-gap-default\">\n\t\t\t\t\t<div class=\"elementor-column elementor-col-50 elementor-top-column elementor-element elementor-element-c9b36c7\" data-id=\"c9b36c7\" data-element_type=\"column\">\n\t\t\t<div class=\"elementor-widget-wrap elementor-element-populated\">\n\t\t\t\t\t\t\t\t<div class=\"elementor-element elementor-element-06e12ff elementor-widget elementor-widget-heading\" data-id=\"06e12ff\" data-element_type=\"widget\" data-widget_type=\"heading.default\">\n\t\t\t\t<div class=\"elementor-widget-container\">\n\t\t\t<h2 class=\"elementor-heading-title elementor-size-default\">Informa\u00e7\u00f5es de contato<\/h2>\t\t<\/div>\n\t\t\t\t<\/div>\n\t\t\t\t<section class=\"elementor-section elementor-inner-section elementor-element elementor-element-517f435 elementor-section-boxed elementor-section-height-default elementor-section-height-default\" data-id=\"517f435\" data-element_type=\"section\">\n\t\t\t\t\t\t<div class=\"elementor-container elementor-column-gap-default\">\n\t\t\t\t\t<div class=\"elementor-column elementor-col-50 elementor-inner-column elementor-element elementor-element-6bd6850\" data-id=\"6bd6850\" data-element_type=\"column\">\n\t\t\t<div class=\"elementor-widget-wrap elementor-element-populated\">\n\t\t\t\t\t\t\t\t<div class=\"elementor-element elementor-element-790e1ac elementor-view-default elementor-widget elementor-widget-icon\" data-id=\"790e1ac\" data-element_type=\"widget\" data-widget_type=\"icon.default\">\n\t\t\t\t<div class=\"elementor-widget-container\">\n\t\t\t\t\t<div class=\"elementor-icon-wrapper\">\n\t\t\t<div class=\"elementor-icon\">\n\t\t\t<svg xmlns=\"http:\/\/www.w3.org\/2000\/svg\" xmlns:xlink=\"http:\/\/www.w3.org\/1999\/xlink\" xmlns:svgjs=\"http:\/\/svgjs.com\/svgjs\" width=\"512\" height=\"512\" x=\"0\" y=\"0\" viewBox=\"0 0 512 512\" style=\"enable-background:new 0 0 512 512\" xml:space=\"preserve\" class=\"\"><g>\n<g xmlns=\"http:\/\/www.w3.org\/2000\/svg\">\n\t<g>\n\t\t<path d=\"M467,76H45C20.137,76,0,96.262,0,121v270c0,24.885,20.285,45,45,45h422c24.655,0,45-20.03,45-45V121    C512,96.306,491.943,76,467,76z M460.698,106c-9.194,9.145-167.415,166.533-172.878,171.967c-8.5,8.5-19.8,13.18-31.82,13.18    s-23.32-4.681-31.848-13.208C220.478,274.284,64.003,118.634,51.302,106H460.698z M30,384.894V127.125L159.638,256.08L30,384.894z     M51.321,406l129.587-128.763l22.059,21.943c14.166,14.166,33,21.967,53.033,21.967c20.033,0,38.867-7.801,53.005-21.939    l22.087-21.971L460.679,406H51.321z M482,384.894L352.362,256.08L482,127.125V384.894z\" fill=\"#ed3237\" data-original=\"#000000\" style=\"\"><\/path>\n\t<\/g>\n<\/g>\n<g xmlns=\"http:\/\/www.w3.org\/2000\/svg\">\n<\/g>\n<g xmlns=\"http:\/\/www.w3.org\/2000\/svg\">\n<\/g>\n<g xmlns=\"http:\/\/www.w3.org\/2000\/svg\">\n<\/g>\n<g xmlns=\"http:\/\/www.w3.org\/2000\/svg\">\n<\/g>\n<g xmlns=\"http:\/\/www.w3.org\/2000\/svg\">\n<\/g>\n<g xmlns=\"http:\/\/www.w3.org\/2000\/svg\">\n<\/g>\n<g xmlns=\"http:\/\/www.w3.org\/2000\/svg\">\n<\/g>\n<g xmlns=\"http:\/\/www.w3.org\/2000\/svg\">\n<\/g>\n<g xmlns=\"http:\/\/www.w3.org\/2000\/svg\">\n<\/g>\n<g xmlns=\"http:\/\/www.w3.org\/2000\/svg\">\n<\/g>\n<g xmlns=\"http:\/\/www.w3.org\/2000\/svg\">\n<\/g>\n<g xmlns=\"http:\/\/www.w3.org\/2000\/svg\">\n<\/g>\n<g xmlns=\"http:\/\/www.w3.org\/2000\/svg\">\n<\/g>\n<g xmlns=\"http:\/\/www.w3.org\/2000\/svg\">\n<\/g>\n<g xmlns=\"http:\/\/www.w3.org\/2000\/svg\">\n<\/g>\n<\/g><\/svg>\t\t\t<\/div>\n\t\t<\/div>\n\t\t\t\t<\/div>\n\t\t\t\t<\/div>\n\t\t\t\t\t<\/div>\n\t\t<\/div>\n\t\t\t\t<div class=\"elementor-column elementor-col-50 elementor-inner-column elementor-element elementor-element-7708969\" data-id=\"7708969\" data-element_type=\"column\">\n\t\t\t<div class=\"elementor-widget-wrap elementor-element-populated\">\n\t\t\t\t\t\t\t\t<div class=\"elementor-element elementor-element-ffc5c85 elementor-widget elementor-widget-text-editor\" data-id=\"ffc5c85\" data-element_type=\"widget\" data-widget_type=\"text-editor.default\">\n\t\t\t\t<div class=\"elementor-widget-container\">\n\t\t\t\t\t<div class=\"elementor-text-editor elementor-clearfix\">contato@meuipay.com.br\n<\/div>\n\t\t\t\t<\/div>\n\t\t\t\t<\/div>\n\t\t\t\t\t<\/div>\n\t\t<\/div>\n\t\t\t\t\t\t\t<\/div>\n\t\t<\/section>\n\t\t\t\t<section class=\"elementor-section elementor-inner-section elementor-element elementor-element-1a53c86 elementor-section-boxed elementor-section-height-default elementor-section-height-default\" data-id=\"1a53c86\" data-element_type=\"section\">\n\t\t\t\t\t\t<div class=\"elementor-container elementor-column-gap-default\">\n\t\t\t\t\t<div class=\"elementor-column elementor-col-50 elementor-inner-column elementor-element elementor-element-97fa413\" data-id=\"97fa413\" data-element_type=\"column\">\n\t\t\t<div class=\"elementor-widget-wrap elementor-element-populated\">\n\t\t\t\t\t\t\t\t<div class=\"elementor-element elementor-element-bb7c706 elementor-view-default elementor-widget elementor-widget-icon\" data-id=\"bb7c706\" data-element_type=\"widget\" data-widget_type=\"icon.default\">\n\t\t\t\t<div class=\"elementor-widget-container\">\n\t\t\t\t\t<div class=\"elementor-icon-wrapper\">\n\t\t\t<div class=\"elementor-icon\">\n\t\t\t<i aria-hidden=\"true\" class=\"fab fa-whatsapp\"><\/i>\t\t\t<\/div>\n\t\t<\/div>\n\t\t\t\t<\/div>\n\t\t\t\t<\/div>\n\t\t\t\t\t<\/div>\n\t\t<\/div>\n\t\t\t\t<div class=\"elementor-column elementor-col-50 elementor-inner-column elementor-element elementor-element-83ae0f5\" data-id=\"83ae0f5\" data-element_type=\"column\">\n\t\t\t<div class=\"elementor-widget-wrap elementor-element-populated\">\n\t\t\t\t\t\t\t\t<div class=\"elementor-element elementor-element-e7c86bb elementor-widget elementor-widget-text-editor\" data-id=\"e7c86bb\" data-element_type=\"widget\" data-widget_type=\"text-editor.default\">\n\t\t\t\t<div class=\"elementor-widget-container\">\n\t\t\t\t\t<div class=\"elementor-text-editor elementor-clearfix\">(41) 99632-7866\n<\/div>\n\t\t\t\t<\/div>\n\t\t\t\t<\/div>\n\t\t\t\t\t<\/div>\n\t\t<\/div>\n\t\t\t\t\t\t\t<\/div>\n\t\t<\/section>\n\t\t\t\t<section class=\"elementor-section elementor-inner-section elementor-element elementor-element-66becaa elementor-section-boxed elementor-section-height-default elementor-section-height-default\" data-id=\"66becaa\" data-element_type=\"section\">\n\t\t\t\t\t\t<div class=\"elementor-container elementor-column-gap-default\">\n\t\t\t\t\t<div class=\"elementor-column elementor-col-50 elementor-inner-column elementor-element elementor-element-d71cec7\" data-id=\"d71cec7\" data-element_type=\"column\">\n\t\t\t<div class=\"elementor-widget-wrap elementor-element-populated\">\n\t\t\t\t\t\t\t\t<div class=\"elementor-element elementor-element-aa33ae3 elementor-view-default elementor-widget elementor-widget-icon\" data-id=\"aa33ae3\" data-element_type=\"widget\" data-widget_type=\"icon.default\">\n\t\t\t\t<div class=\"elementor-widget-container\">\n\t\t\t\t\t<div class=\"elementor-icon-wrapper\">\n\t\t\t<div class=\"elementor-icon\">\n\t\t\t<svg xmlns=\"http:\/\/www.w3.org\/2000\/svg\" xmlns:xlink=\"http:\/\/www.w3.org\/1999\/xlink\" xmlns:svgjs=\"http:\/\/svgjs.com\/svgjs\" width=\"512\" height=\"512\" x=\"0\" y=\"0\" viewBox=\"0 0 508.998 508.998\" style=\"enable-background:new 0 0 512 512\" xml:space=\"preserve\"><g><g xmlns=\"http:\/\/www.w3.org\/2000\/svg\"><path d=\"m349.334 94.686c-27.738-20.03-60.531-30.617-94.835-30.617-89.423 0-162.174 72.751-162.174 162.174s72.751 162.174 162.174 162.174 162.174-72.751 162.174-162.174c0-40.513-15.021-79.301-42.295-109.22-2.792-3.061-7.535-3.28-10.596-.49-3.062 2.791-3.28 7.534-.49 10.596 24.75 27.149 38.381 62.35 38.381 99.114 0 81.152-66.021 147.174-147.174 147.174s-147.174-66.021-147.174-147.174 66.022-147.175 147.174-147.175c31.131 0 60.888 9.605 86.054 27.777 3.358 2.425 8.046 1.669 10.471-1.689s1.669-8.046-1.69-10.47z\" fill=\"#ed3237\" data-original=\"#000000\" style=\"\"><\/path><path d=\"m414.477 66.265c-42.732-42.732-99.545-66.265-159.977-66.265-60.216 0-116.821 23.229-159.389 65.408-42.571 42.183-66.311 98.571-66.846 158.78-.401 45.132 12.456 88.823 37.183 126.352 2.279 3.46 6.931 4.417 10.389 2.137 3.459-2.278 4.416-6.931 2.137-10.389-23.081-35.032-35.083-75.824-34.708-117.967 1.025-115.42 95.784-209.321 211.234-209.321 116.479 0 211.241 94.763 211.241 211.242 0 94.98-63.92 178.777-155.441 203.778-1.459.399-2.763 1.229-3.741 2.382l-51.56 60.747-51.261-60.396c-.988-1.165-2.31-2-3.786-2.394-39.765-10.598-75.376-32.524-102.985-63.408-2.761-3.087-7.502-3.353-10.591-.593-3.088 2.761-3.354 7.502-.593 10.591 29.036 32.479 66.346 55.708 108.024 67.283l50.94 60.019c2.56 3.016 6.296 4.746 10.251 4.746s7.691-1.73 10.25-4.745l51.257-60.391c96.818-27.53 164.235-116.68 164.235-217.62.001-60.43-23.532-117.245-66.263-159.976z\" fill=\"#ed3237\" data-original=\"#000000\" style=\"\"><\/path><path d=\"m329.326 243.961c4.143 0 7.5-3.357 7.5-7.5v-11.584c1.38.369 2.81.561 4.262.561.582 0 1.167-.03 1.754-.091 4.411-.46 8.38-2.61 11.175-6.056l7.424-9.154c5.769-7.11 4.677-17.589-2.436-23.359l-90.331-73.269c-8.214-6.662-20.135-6.663-28.349-.001l-90.332 73.271c-7.112 5.77-8.204 16.248-2.437 23.358l7.426 9.154c4.25 5.241 11.057 7.2 17.19 5.567v60.797h-2.254c-4.143 0-7.5 3.357-7.5 7.5s3.357 7.5 7.5 7.5h169.196c4.143 0 7.5-3.357 7.5-7.5s-3.357-7.5-7.5-7.5h-2.289v-17.231c0-4.143-3.357-7.5-7.5-7.5s-7.5 3.357-7.5 7.5v17.231h-34.203v-6.138c0-18.265-14.859-33.124-33.124-33.124s-33.124 14.859-33.124 33.124v6.138h-34.202v-71.092l67.326-54.61 67.327 54.61v21.898c.001 4.143 3.359 7.5 7.501 7.5zm-92.951 35.557c0-9.993 8.131-18.124 18.124-18.124s18.124 8.131 18.124 18.124v6.138h-36.248zm13.4-135.047-74.866 60.726c-.004.003-.007.006-.01.009l-6.007 4.873c-.426.345-.874.377-1.178.35-.303-.032-.735-.159-1.081-.586l-7.426-9.154c-.347-.428-.382-.877-.35-1.179.031-.302.158-.734.586-1.081l90.332-73.271c1.369-1.11 3.047-1.665 4.725-1.665s3.355.555 4.725 1.666l90.332 73.269c.428.348.555.78.586 1.082.032.302-.003.751-.351 1.179l-7.424 9.154c-.347.427-.779.554-1.081.585-.299.031-.75-.002-1.178-.35 0 0-.001 0-.001-.001l-80.884-65.605c-2.754-2.234-6.696-2.234-9.449-.001z\" fill=\"#ed3237\" data-original=\"#000000\" style=\"\"><\/path><path d=\"m228.875 202.489c-4.143 0-7.5 3.357-7.5 7.5s3.357 7.5 7.5 7.5h51.248c4.143 0 7.5-3.357 7.5-7.5s-3.357-7.5-7.5-7.5z\" fill=\"#ed3237\" data-original=\"#000000\" style=\"\"><\/path><\/g><\/g><\/svg>\t\t\t<\/div>\n\t\t<\/div>\n\t\t\t\t<\/div>\n\t\t\t\t<\/div>\n\t\t\t\t\t<\/div>\n\t\t<\/div>\n\t\t\t\t<div class=\"elementor-column elementor-col-50 elementor-inner-column elementor-element elementor-element-1f9690c\" data-id=\"1f9690c\" data-element_type=\"column\">\n\t\t\t<div class=\"elementor-widget-wrap elementor-element-populated\">\n\t\t\t\t\t\t\t\t<div class=\"elementor-element elementor-element-35e9715 elementor-widget elementor-widget-text-editor\" data-id=\"35e9715\" data-element_type=\"widget\" data-widget_type=\"text-editor.default\">\n\t\t\t\t<div class=\"elementor-widget-container\">\n\t\t\t\t\t<div class=\"elementor-text-editor elementor-clearfix\">Rua Capit\u00e3o Le\u00f4nidas Marques, 940, bloco 14\nCuritiba\/PR<\/div>\n\t\t\t\t<\/div>\n\t\t\t\t<\/div>\n\t\t\t\t\t<\/div>\n\t\t<\/div>\n\t\t\t\t\t\t\t<\/div>\n\t\t<\/section>\n\t\t\t\t\t<\/div>\n\t\t<\/div>\n\t\t\t\t<div class=\"elementor-column elementor-col-50 elementor-top-column elementor-element elementor-element-6dd6a55\" data-id=\"6dd6a55\" data-element_type=\"column\" data-settings=\"{&quot;background_background&quot;:&quot;classic&quot;}\">\n\t\t\t<div class=\"elementor-widget-wrap elementor-element-populated\">\n\t\t\t\t\t\t\t\t<div class=\"elementor-element elementor-element-91e4b6d elementor-button-align-stretch elementor-widget elementor-widget-form\" data-id=\"91e4b6d\" data-element_type=\"widget\" data-settings=\"{&quot;step_next_label&quot;:&quot;Next&quot;,&quot;step_previous_label&quot;:&quot;Previous&quot;,&quot;button_width&quot;:&quot;100&quot;,&quot;step_type&quot;:&quot;number_text&quot;,&quot;step_icon_shape&quot;:&quot;circle&quot;}\" data-widget_type=\"form.default\">\n\t\t\t\t<div class=\"elementor-widget-container\">\n\t\t\t\t\t<form class=\"elementor-form\" method=\"post\" name=\"New Form\">\n\t\t\t<input type=\"hidden\" name=\"post_id\" value=\"65\"\/>\n\t\t\t<input type=\"hidden\" name=\"form_id\" value=\"91e4b6d\"\/>\n\n\t\t\t\n\t\t\t<div class=\"elementor-form-fields-wrapper elementor-labels-above\">\n\t\t\t\t\t\t\t\t<div class=\"elementor-field-type-text elementor-field-group elementor-column elementor-field-group-name elementor-col-50\">\n\t\t\t\t\t<label for=\"form-field-name\" class=\"elementor-field-label\">Nome<\/label><input size=\"1\" type=\"text\" name=\"form_fields[name]\" id=\"form-field-name\" class=\"elementor-field elementor-size-xs  elementor-field-textual\" placeholder=\"Digite o seu nome\">\t\t\t\t<\/div>\n\t\t\t\t\t\t\t\t<div class=\"elementor-field-type-text elementor-field-group elementor-column elementor-field-group-field_5865c33 elementor-col-50\">\n\t\t\t\t\t<label for=\"form-field-field_5865c33\" class=\"elementor-field-label\">Sobrenome<\/label><input size=\"1\" type=\"text\" name=\"form_fields[field_5865c33]\" id=\"form-field-field_5865c33\" class=\"elementor-field elementor-size-xs  elementor-field-textual\" placeholder=\"Digite o seu nome\">\t\t\t\t<\/div>\n\t\t\t\t\t\t\t\t<div class=\"elementor-field-type-tel elementor-field-group elementor-column elementor-field-group-field_6825ccc elementor-col-100\">\n\t\t\t\t\t<label for=\"form-field-field_6825ccc\" class=\"elementor-field-label\">Telefone<\/label><input size=\"1\" type=\"tel\" name=\"form_fields[field_6825ccc]\" id=\"form-field-field_6825ccc\" class=\"elementor-field elementor-size-xs  elementor-field-textual\" placeholder=\"(00) 0 0000 0000\" pattern=\"[0-9()#&amp;+*-=.]+\" title=\"Only numbers and phone characters (#, -, *, etc) are accepted.\">\t\t\t\t<\/div>\n\t\t\t\t\t\t\t\t<div class=\"elementor-field-type-email elementor-field-group elementor-column elementor-field-group-email elementor-col-100 elementor-field-required\">\n\t\t\t\t\t<label for=\"form-field-email\" class=\"elementor-field-label\">Digite o seu e-mail<\/label><input size=\"1\" type=\"email\" name=\"form_fields[email]\" id=\"form-field-email\" class=\"elementor-field elementor-size-xs  elementor-field-textual\" placeholder=\"Email\" required=\"required\" aria-required=\"true\">\t\t\t\t<\/div>\n\t\t\t\t\t\t\t\t<div class=\"elementor-field-type-textarea elementor-field-group elementor-column elementor-field-group-message elementor-col-100\">\n\t\t\t\t\t<label for=\"form-field-message\" class=\"elementor-field-label\">Mensagem<\/label><textarea class=\"elementor-field-textual elementor-field  elementor-size-xs\" name=\"form_fields[message]\" id=\"form-field-message\" rows=\"4\" placeholder=\"Digite sua mensagem\"><\/textarea>\t\t\t\t<\/div>\n\t\t\t\t\t\t\t\t<div class=\"elementor-field-group elementor-column elementor-field-type-submit elementor-col-100 e-form__buttons\">\n\t\t\t\t\t<button type=\"submit\" class=\"elementor-button elementor-size-sm\">\n\t\t\t\t\t\t<span >\n\t\t\t\t\t\t\t\t\t\t\t\t\t\t\t<span class=\" elementor-button-icon\">\n\t\t\t\t\t\t\t\t\t\t\t\t\t\t\t\t\t\t\t\t\t\t\t\t\t\t<\/span>\n\t\t\t\t\t\t\t\t\t\t\t\t\t\t\t\t\t\t\t\t\t\t<span class=\"elementor-button-text\">ENVIAR MENSAGEM<\/span>\n\t\t\t\t\t\t\t\t\t\t\t\t\t<\/span>\n\t\t\t\t\t<\/button>\n\t\t\t\t<\/div>\n\t\t\t<\/div>\n\t\t<\/form>\n\t\t\t\t<\/div>\n\t\t\t\t<\/div>\n\t\t\t\t\t<\/div>\n\t\t<\/div>\n\t\t\t\t\t\t\t<\/div>\n\t\t<\/section>\n\t\t\t\t\t\t<\/div>\n\t\t\t\t\t<\/div>\n\t\t","protected":false},"excerpt":{"rendered":"<p>Informa\u00e7\u00f5es de contato contato@meuipay.com.br (41) 99632-7866 Rua Capit\u00e3o Le\u00f4nidas Marques, 940, bloco 14 Curitiba\/PR<\/p>\n","protected":false},"author":1,"featured_media":0,"parent":0,"menu_order":0,"comment_status":"closed","ping_status":"closed","template":"","meta":{"footnotes":""},"class_list":["post-65","page","type-page","status-publish","hentry"],"_links":{"self":[{"href":"https:\/\/emalherbi.com\/ipay-site\/wp-json\/wp\/v2\/pages\/65","targetHints":{"allow":["GET"]}}],"collection":[{"href":"https:\/\/emalherbi.com\/ipay-site\/wp-json\/wp\/v2\/pages"}],"about":[{"href":"https:\/\/emalherbi.com\/ipay-site\/wp-json\/wp\/v2\/types\/page"}],"author":[{"embeddable":true,"href":"https:\/\/emalherbi.com\/ipay-site\/wp-json\/wp\/v2\/users\/1"}],"replies":[{"embeddable":true,"href":"https:\/\/emalherbi.com\/ipay-site\/wp-json\/wp\/v2\/comments?post=65"}],"version-history":[{"count":55,"href":"https:\/\/emalherbi.com\/ipay-site\/wp-json\/wp\/v2\/pages\/65\/revisions"}],"predecessor-version":[{"id":989,"href":"https:\/\/emalherbi.com\/ipay-site\/wp-json\/wp\/v2\/pages\/65\/revisions\/989"}],"wp:attachment":[{"href":"https:\/\/emalherbi.com\/ipay-site\/wp-json\/wp\/v2\/media?parent=65"}],"curies":[{"name":"wp","href":"https:\/\/api.w.org\/{rel}","templated":true}]}}